{"id":10,"date":"2014-12-09T13:10:58","date_gmt":"2014-12-09T13:10:58","guid":{"rendered":"http:\/\/gss1.org\/?page_id=10"},"modified":"2015-02-10T11:42:57","modified_gmt":"2015-02-10T11:42:57","slug":"estatuto","status":"publish","type":"page","link":"https:\/\/gss1.org\/?page_id=10","title":{"rendered":"ESTATUTO"},"content":{"rendered":"<p style=\"text-align: justify;\"><strong>A GR\u00c1VITON SCIENTIFIC SOCIETY (GSS)<\/strong> \u00e9 associa\u00e7\u00e3o civil, Pessoa jur\u00eddica de direito privado, sem fins lucrativos, independente, laica e sem car\u00e1ter pol\u00edtico-partid\u00e1rio, sediada na\u00a0Cidade de Teresina, Estado do Piau\u00ed, Brasil, CNPJ: 21.826.343\/0001-80<\/p>\n<p style=\"text-align: justify;\"><strong>A GSS tem por objetivos:<\/strong><\/p>\n<ol style=\"text-align: justify;\">\n<li>contribuir para o desenvolvimento cient\u00edfico e tecnol\u00f3gico do Pa\u00eds;<\/li>\n<li>promover e facilitar a divulga\u00e7\u00e3o e a coopera\u00e7\u00e3o do conhecimento cient\u00edfico entre os pesquisadores;<\/li>\n<\/ol>\n<p style=\"text-align: justify;\">III. zelar pela integridade pessoal e profissional dos cientistas, futuros cientistas e t\u00e9cnicos associados a GSS;<\/p>\n<ol style=\"text-align: justify;\">\n<li>defender os interesses dos cientistas e demais associados da GSS, tendo em vista o reconhecimento de sua operosidade, do respeito pela sua pessoa, de sua liberdade de pesquisa, de opini\u00e3o, do direito aos meios necess\u00e1rios \u00e0 realiza\u00e7\u00e3o do seu trabalho;<\/li>\n<li>promover a dissemina\u00e7\u00e3o do conhecimento cient\u00edfico por meio de a\u00e7\u00f5es de divulga\u00e7\u00e3o da ci\u00eancia;<\/li>\n<li>estimular a melhoria da qualidade do ensino de ci\u00eancias em todos os n\u00edveis;<\/li>\n<\/ol>\n<p style=\"text-align: justify;\">VII. estimular a cria\u00e7\u00e3o de instrumentos adequados que possibilitem a melhoria da qualidade da educa\u00e7\u00e3o em todos os n\u00edveis;<\/p>\n<p style=\"text-align: justify;\">VIII. lutar pela remo\u00e7\u00e3o dos empecilhos e incompreens\u00e3o que embaracem o progresso da ci\u00eancia;<\/p>\n<ol style=\"text-align: justify;\">\n<li>lutar pela efetiva participa\u00e7\u00e3o da GSS tomando posi\u00e7\u00e3o em quest\u00f5es de pol\u00edtica cient\u00edfica, educacional e cultural e programas de desenvolvimento cient\u00edfico e tecnol\u00f3gico que atendam aos reais interesses do estado e do pa\u00eds;<\/li>\n<li>congregar pessoas e institui\u00e7\u00f5es interessadas no progresso e difus\u00e3o da ci\u00eancia;<\/li>\n<li>apoiar associa\u00e7\u00f5es que visem a objetivos semelhantes;<\/li>\n<\/ol>\n<p style=\"text-align: justify;\">XII. representar aos poderes p\u00fablicos ou a entidades particulares, solicitando medidas referentes aos objetivos da GSS;<\/p>\n<p style=\"text-align: justify;\">XIII. incentivar e estimular o interesse do p\u00fablico com rela\u00e7\u00e3o \u00e0 ci\u00eancia e \u00e0 cultura;<\/p>\n<p style=\"text-align: justify;\">XIV. outros objetivos que n\u00e3o colidam com o presente Estatuto e Regimento da GSS, a crit\u00e9rio da Diretoria.<\/p>\n<ol>\n<li style=\"text-align: justify;\">Construir um centro de pesquisas onde os pesquisadores associados tenham as condi\u00e7\u00f5es de desenvolver seus projetos e ideias inovadoras que venham contribuir para o progresso da humanidade.<\/li>\n<\/ol>\n<p>Ler o <a href=\"http:\/\/gss1.org\/wp-content\/uploads\/2014\/12\/ESTATUTO.pdf\">ESTATUTO<\/a>\u00a0na Integra<\/p>\n<p>&nbsp;<\/p>\n","protected":false},"excerpt":{"rendered":"<p>A GR\u00c1VITON SCIENTIFIC SOCIETY (GSS) \u00e9 associa\u00e7\u00e3o civil, Pessoa jur\u00eddica de direito privado, sem fins lucrativos, independente, laica e sem car\u00e1ter pol\u00edtico-partid\u00e1rio, sediada na\u00a0Cidade de Teresina, Estado do Piau\u00ed, Brasil, CNPJ: 21.826.343\/0001-80 A GSS tem por objetivos: contribuir para o desenvolvimento cient\u00edfico e tecnol\u00f3gico do Pa\u00eds; promover e facilitar a divulga\u00e7\u00e3o e a coopera\u00e7\u00e3o do [&hellip;]<\/p>\n","protected":false},"author":2,"featured_media":0,"parent":5,"menu_order":1,"comment_status":"closed","ping_status":"closed","template":"","meta":{"footnotes":""},"class_list":["post-10","page","type-page","status-publish","hentry"],"_links":{"self":[{"href":"https:\/\/gss1.org\/index.php?rest_route=\/wp\/v2\/pages\/10","targetHints":{"allow":["GET"]}}],"collection":[{"href":"https:\/\/gss1.org\/index.php?rest_route=\/wp\/v2\/pages"}],"about":[{"href":"https:\/\/gss1.org\/index.php?rest_route=\/wp\/v2\/types\/page"}],"author":[{"embeddable":true,"href":"https:\/\/gss1.org\/index.php?rest_route=\/wp\/v2\/users\/2"}],"replies":[{"embeddable":true,"href":"https:\/\/gss1.org\/index.php?rest_route=%2Fwp%2Fv2%2Fcomments&post=10"}],"version-history":[{"count":11,"href":"https:\/\/gss1.org\/index.php?rest_route=\/wp\/v2\/pages\/10\/revisions"}],"predecessor-version":[{"id":486,"href":"https:\/\/gss1.org\/index.php?rest_route=\/wp\/v2\/pages\/10\/revisions\/486"}],"up":[{"embeddable":true,"href":"https:\/\/gss1.org\/index.php?rest_route=\/wp\/v2\/pages\/5"}],"wp:attachment":[{"href":"https:\/\/gss1.org\/index.php?rest_route=%2Fwp%2Fv2%2Fmedia&parent=10"}],"curies":[{"name":"wp","href":"https:\/\/api.w.org\/{rel}","templated":true}]}}