{"id":492,"date":"2015-03-04T12:01:57","date_gmt":"2015-03-04T12:01:57","guid":{"rendered":"http:\/\/gss1.org\/?page_id=492"},"modified":"2016-05-31T14:35:48","modified_gmt":"2016-05-31T14:35:48","slug":"observacao-astronomica","status":"publish","type":"page","link":"https:\/\/gss1.org\/?page_id=492","title":{"rendered":"DE OLHO NO C\u00c9U DE TERESINA"},"content":{"rendered":"<figure id=\"attachment_868\" aria-describedby=\"caption-attachment-868\" style=\"width: 320px\" class=\"wp-caption aligncenter\"><a href=\"http:\/\/gss1.org\/wp-content\/uploads\/2016\/05\/10953100_1043583978991885_667146006_n.jpg\"><img loading=\"lazy\" decoding=\"async\" class=\"wp-image-868\" src=\"http:\/\/gss1.org\/wp-content\/uploads\/2016\/05\/10953100_1043583978991885_667146006_n.jpg\" alt=\"10953100_1043583978991885_667146006_n\" width=\"320\" height=\"320\" \/><\/a><figcaption id=\"caption-attachment-868\" class=\"wp-caption-text\">&#8220;De Olho no C\u00e9u de Teresina&#8221;<\/figcaption><\/figure>\n<p style=\"text-align: justify;\">\u00a0&#8220;De Olhos no C\u00e9u de Teresina&#8221; \u00e9 um projeto de observa\u00e7\u00e3o astronomica desenvolvido pela Graviton Scientific Society (GSS) em parceria com o IFPI-Teresina Central e Teresina Hacker Clube. Tem como principal objetivo despertar o interesse da comunidade acad\u00eamica e do p\u00fablico em geral pela astronomia atrav\u00e9s de atividades de observa\u00e7\u00f5es astron\u00f4micas. Nas datas de observa\u00e7\u00e3o previstas no calend\u00e1rio a seguir, o horario de atendimento ao p\u00fablico \u00a0\u00e9 das 17: 30 \u00e0s 21;00 horas &#8211; no estacionamento do predio B do IFPI-Teresina Central.<\/p>\n<p style=\"text-align: justify;\">Confira aqui o\u00a0<a href=\"http:\/\/gss1.org\/wp-content\/uploads\/2015\/03\/CALENDARIODE-OBSERVA\u00c7\u00d5ES.pdf\">CALENDARIO DE OBSERVA\u00c7\u00d5ES<\/a><\/p>\n<p style=\"text-align: justify;\">Maiores informa\u00e7\u00f5es: contatogss1@gmail.com \/ whatsapp: 086 98877-1206<\/p>\n<p style=\"text-align: justify;\">\n<p><iframe loading=\"lazy\" src=\"https:\/\/docs.google.com\/forms\/d\/1bdJsSnNxGUDNmAhuVsHEplKxd7KeZa2NdNK0MnZmyDE\/viewform?embedded=true\" width=\"760\" height=\"500\" frameborder=\"0\" marginheight=\"0\" marginwidth=\"0\">Carregando\u2026<\/iframe><\/p>\n","protected":false},"excerpt":{"rendered":"<p>\u00a0&#8220;De Olhos no C\u00e9u de Teresina&#8221; \u00e9 um projeto de observa\u00e7\u00e3o astronomica desenvolvido pela Graviton Scientific Society (GSS) em parceria com o IFPI-Teresina Central e Teresina Hacker Clube. Tem como principal objetivo despertar o interesse da comunidade acad\u00eamica e do p\u00fablico em geral pela astronomia atrav\u00e9s de atividades de observa\u00e7\u00f5es astron\u00f4micas. Nas datas de observa\u00e7\u00e3o [&hellip;]<\/p>\n","protected":false},"author":2,"featured_media":0,"parent":38,"menu_order":0,"comment_status":"open","ping_status":"open","template":"","meta":{"footnotes":""},"class_list":["post-492","page","type-page","status-publish","hentry"],"_links":{"self":[{"href":"https:\/\/gss1.org\/index.php?rest_route=\/wp\/v2\/pages\/492","targetHints":{"allow":["GET"]}}],"collection":[{"href":"https:\/\/gss1.org\/index.php?rest_route=\/wp\/v2\/pages"}],"about":[{"href":"https:\/\/gss1.org\/index.php?rest_route=\/wp\/v2\/types\/page"}],"author":[{"embeddable":true,"href":"https:\/\/gss1.org\/index.php?rest_route=\/wp\/v2\/users\/2"}],"replies":[{"embeddable":true,"href":"https:\/\/gss1.org\/index.php?rest_route=%2Fwp%2Fv2%2Fcomments&post=492"}],"version-history":[{"count":14,"href":"https:\/\/gss1.org\/index.php?rest_route=\/wp\/v2\/pages\/492\/revisions"}],"predecessor-version":[{"id":512,"href":"https:\/\/gss1.org\/index.php?rest_route=\/wp\/v2\/pages\/492\/revisions\/512"}],"up":[{"embeddable":true,"href":"https:\/\/gss1.org\/index.php?rest_route=\/wp\/v2\/pages\/38"}],"wp:attachment":[{"href":"https:\/\/gss1.org\/index.php?rest_route=%2Fwp%2Fv2%2Fmedia&parent=492"}],"curies":[{"name":"wp","href":"https:\/\/api.w.org\/{rel}","templated":true}]}}