{"id":60,"date":"2014-12-09T13:35:54","date_gmt":"2014-12-09T13:35:54","guid":{"rendered":"http:\/\/gss1.org\/?page_id=60"},"modified":"2015-10-29T17:56:38","modified_gmt":"2015-10-29T17:56:38","slug":"como-associar-se","status":"publish","type":"page","link":"https:\/\/gss1.org\/?page_id=60","title":{"rendered":"COMO ASSOCIAR-SE"},"content":{"rendered":"<p><span style=\"text-decoration: underline; color: #000000;\"><strong><em>O primeiro passo<\/em>\u00a0\u00a0<\/strong><\/span>para fazer parte da GSS \u00e9 ler nosso \u00a0Estatuto Social -Para ver em qual categoria de S\u00f3cio se enquadra:<\/p>\n<p><strong>CAP\u00cdTULO II &#8211; DO QUADRO SOCIAL<\/strong><\/p>\n<p style=\"text-align: justify;\"><strong> Artigo 4\u00ba &#8211;<\/strong> A GSS \u00e9 integrada pelas seguintes categorias de associados: fundador, efetivo, <del>de honra<\/del>, estudante e i<del>nstitucional contribuinte.<\/del><\/p>\n<p style=\"text-align: justify;\"><strong> \u00a7 1\u00ba<\/strong> &#8211; S\u00e3o os associados fundadores aqueles que assinaram a ata da funda\u00e7\u00e3o da GSS.<\/p>\n<p style=\"text-align: justify;\"><strong>\u00a7 2\u00ba<\/strong> &#8211; S\u00e3o associados efetivos aqueles propostos por associados em peti\u00e7\u00e3o deferida pela Diretoria;<\/p>\n<p style=\"text-align: justify;\"><strong> \u00a73\u00ba &#8211;<\/strong> S\u00e3o associados estudantes aqueles alunos de cursos b\u00e1sico ou universit\u00e1rio propostos em peti\u00e7\u00e3o deferida pela Diretoria;<\/p>\n<p style=\"text-align: justify;\"><strong> \u00a74\u00ba &#8211;<\/strong> S\u00e3o associados institucionais contribuintes aqueles constitu\u00eddos por entidades p\u00fablicas ou privadas que tenham suas inscri\u00e7\u00f5es aceitas pela Diretoria.<\/p>\n<p style=\"text-align: justify;\"><strong> \u00a75\u00ba &#8211;<\/strong> S\u00e3o associados de honra aquelas pessoas que tenham feito grandes contribui\u00e7\u00f5es na ci\u00eancia para o progresso da divulga\u00e7\u00e3o do conhecimento e progresso da humanidade e cujo uso de seu nome venha beneficiar de forma direta a GSS.<\/p>\n<p style=\"text-align: justify;\"><strong> \u00a76\u00ba<\/strong> &#8211; Os associados institucionais contribuintes dever\u00e3o indicar \u00e0 Diretoria o seu representante junto \u00e0 GSS.<\/p>\n<p style=\"text-align: justify;\"><em><strong><span style=\"text-decoration: underline;\">O segundo passo<\/span><\/strong>, uma vez escolhida a categoria na qual se encaixaria como\u00a0s\u00f3cio\u00a0\u00e9 conhecer seus dever e direitos como\u00a0associado, os quais est\u00e3o listados no <a href=\"http:\/\/gss1.org\/wp-content\/uploads\/2014\/12\/ESTATUTO.pdf\">Estatuto Social da GSS<\/a><\/em><\/p>\n<p style=\"text-align: justify;\"><em><strong>O Terceiro \u00a0passo, <\/strong><\/em>fazer a solicita\u00e7\u00e3o de sua associa\u00e7\u00e3o preenchendo o\u00a0Formul\u00e1rio que esta no final desta pagina.<\/p>\n<p style=\"text-align: justify;\"><em><strong>O quarto\u00a0passo, <\/strong><\/em>esperar a GSS entrar em contato com voc\u00ea, para lhe dar um parecer de sua solicita\u00e7\u00e3o<em><strong> (No Maximo em um m\u00eas, a partir de sua solicita\u00e7\u00e3o)<\/strong><\/em><\/p>\n<p style=\"text-align: justify;\"><span style=\"text-decoration: underline;\"><strong>O Quinto passo<\/strong><\/span> \u00e9 pagar a taxa prevista de acordo com sua categoria de associado, logo apos ter feito isso se junte nesta caminhada por um conhecimento cient\u00edfico mais acess\u00edvel a todos os seres humanos.<\/p>\n<p><iframe loading=\"lazy\" src=\"https:\/\/docs.google.com\/forms\/d\/1NYyPRX4CE8Jt0KEbn0aoLyy4dp2pC3Tl8kcUXSJpSmU\/viewform?embedded=true\" width=\"1080\" height=\"900\" frameborder=\"0\" marginheight=\"0\" marginwidth=\"0\">Carregando\u2026<\/iframe><\/p>\n","protected":false},"excerpt":{"rendered":"<p>O primeiro passo\u00a0\u00a0para fazer parte da GSS \u00e9 ler nosso \u00a0Estatuto Social -Para ver em qual categoria de S\u00f3cio se enquadra: CAP\u00cdTULO II &#8211; DO QUADRO SOCIAL Artigo 4\u00ba &#8211; A GSS \u00e9 integrada pelas seguintes categorias de associados: fundador, efetivo, de honra, estudante e institucional contribuinte. \u00a7 1\u00ba &#8211; S\u00e3o os associados fundadores aqueles [&hellip;]<\/p>\n","protected":false},"author":2,"featured_media":0,"parent":58,"menu_order":0,"comment_status":"closed","ping_status":"closed","template":"","meta":{"footnotes":""},"class_list":["post-60","page","type-page","status-publish","hentry"],"_links":{"self":[{"href":"https:\/\/gss1.org\/index.php?rest_route=\/wp\/v2\/pages\/60","targetHints":{"allow":["GET"]}}],"collection":[{"href":"https:\/\/gss1.org\/index.php?rest_route=\/wp\/v2\/pages"}],"about":[{"href":"https:\/\/gss1.org\/index.php?rest_route=\/wp\/v2\/types\/page"}],"author":[{"embeddable":true,"href":"https:\/\/gss1.org\/index.php?rest_route=\/wp\/v2\/users\/2"}],"replies":[{"embeddable":true,"href":"https:\/\/gss1.org\/index.php?rest_route=%2Fwp%2Fv2%2Fcomments&post=60"}],"version-history":[{"count":10,"href":"https:\/\/gss1.org\/index.php?rest_route=\/wp\/v2\/pages\/60\/revisions"}],"predecessor-version":[{"id":748,"href":"https:\/\/gss1.org\/index.php?rest_route=\/wp\/v2\/pages\/60\/revisions\/748"}],"up":[{"embeddable":true,"href":"https:\/\/gss1.org\/index.php?rest_route=\/wp\/v2\/pages\/58"}],"wp:attachment":[{"href":"https:\/\/gss1.org\/index.php?rest_route=%2Fwp%2Fv2%2Fmedia&parent=60"}],"curies":[{"name":"wp","href":"https:\/\/api.w.org\/{rel}","templated":true}]}}